{"id":27368,"date":"2024-07-24T14:32:45","date_gmt":"2024-07-24T12:32:45","guid":{"rendered":"https:\/\/shop.rkgracanica.ba\/?post_type=product&#038;p=27368"},"modified":"2024-09-11T23:35:06","modified_gmt":"2024-09-11T21:35:06","slug":"dres","status":"publish","type":"product","link":"https:\/\/shop.rkgracanica.ba\/index.php\/proizvod\/dres\/","title":{"rendered":"Dres"},"content":{"rendered":"<ul>\n<li><strong>Opis proizvoda:<\/strong>\n<ul>\n<li><strong>Materijal:<\/strong> Lagani i prozra\u010dni poliester koji osigurava optimalnu ventilaciju i brzo su\u0161enje.<\/li>\n<li><strong>Boja:<\/strong> Klupske boje s prepoznatljivim detaljima koji isti\u010du tradiciju i ponos RK Gra\u010danica.<\/li>\n<li><strong>Dizajn:<\/strong> Moderan kroj s oja\u010danim \u0161avovima za dugotrajnu izdr\u017eljivost i udobnost.<\/li>\n<li><strong>Logo:<\/strong> Klupski grb i sponzorski logotipi elegantno postavljeni na prednjoj strani.<\/li>\n<li><strong>Veli\u010dine:<\/strong> Dostupan u razli\u010ditim veli\u010dinama kako bi odgovarao svim navija\u010dima i igra\u010dima.<\/li>\n<\/ul>\n<\/li>\n<\/ul>\n","protected":false},"excerpt":{"rendered":"<p>Poka\u017eite svoju strast prema rukometu s dresom RK Gra\u010danica! Ovaj dres je pa\u017eljivo dizajniran kako bi vam pru\u017eio maksimalnu udobnost i performanse, bilo da ste na terenu ili podr\u017eavate svoj omiljeni tim s tribina.<\/p>\n","protected":false},"featured_media":27487,"comment_status":"open","ping_status":"closed","template":"","meta":[],"product_cat":[21],"product_tag":[],"class_list":{"0":"post-27368","1":"product","2":"type-product","3":"status-publish","4":"has-post-thumbnail","6":"product_cat-dres","8":"first","9":"onbackorder","10":"shipping-taxable","11":"purchasable","12":"product-type-variable"},"_links":{"self":[{"href":"https:\/\/shop.rkgracanica.ba\/index.php\/wp-json\/wp\/v2\/product\/27368","targetHints":{"allow":["GET"]}}],"collection":[{"href":"https:\/\/shop.rkgracanica.ba\/index.php\/wp-json\/wp\/v2\/product"}],"about":[{"href":"https:\/\/shop.rkgracanica.ba\/index.php\/wp-json\/wp\/v2\/types\/product"}],"replies":[{"embeddable":true,"href":"https:\/\/shop.rkgracanica.ba\/index.php\/wp-json\/wp\/v2\/comments?post=27368"}],"version-history":[{"count":2,"href":"https:\/\/shop.rkgracanica.ba\/index.php\/wp-json\/wp\/v2\/product\/27368\/revisions"}],"predecessor-version":[{"id":27788,"href":"https:\/\/shop.rkgracanica.ba\/index.php\/wp-json\/wp\/v2\/product\/27368\/revisions\/27788"}],"wp:featuredmedia":[{"embeddable":true,"href":"https:\/\/shop.rkgracanica.ba\/index.php\/wp-json\/wp\/v2\/media\/27487"}],"wp:attachment":[{"href":"https:\/\/shop.rkgracanica.ba\/index.php\/wp-json\/wp\/v2\/media?parent=27368"}],"wp:term":[{"taxonomy":"product_cat","embeddable":true,"href":"https:\/\/shop.rkgracanica.ba\/index.php\/wp-json\/wp\/v2\/product_cat?post=27368"},{"taxonomy":"product_tag","embeddable":true,"href":"https:\/\/shop.rkgracanica.ba\/index.php\/wp-json\/wp\/v2\/product_tag?post=27368"}],"curies":[{"name":"wp","href":"https:\/\/api.w.org\/{rel}","templated":true}]}}